*v + 3*z + 46, z = 2*v - 16. Suppose 0 = 15*m - 279 - 216. Calculate the highest common divisor of v and m.
3
Let q(p) = p**2 - 13*p + 50. Let w be q(8). Calculate the highest common factor of 90 and w.
10
Let a(x) = x**2 + 2. Let w be a(0). Suppose w*f + 6 = 14. Let y = 22 + f. Calculate the highest common divisor of 26 and y.
26
Let o(g) = 7*g**2 - g + 3. Let a be o(-2). Let p = a + -8. Let c be 5/(-9)*-15*21. What is the greatest common divisor of c and p?
25
Let m = 110 - 105. Let j be (160/6)/2*3. What is the greatest common factor of j and m?
5
Let o(h) = -5*h**3 - 2*h**2 + 2*h. Let n be o(-2). Let v = -500 - -504. Calculate the highest common divisor of v and n.
4
Let q be (-754)/(5*(-5)/25). What is the greatest common factor of 26 and q?
26
Suppose 611 - 746 = -9*h. Suppose -2*s = 5*k, -11 = -2*s - s - 2*k. Calculate the highest common divisor of s and h.
5
Suppose 38 = 2*h + 4*k, h + 5*k = 2*h - 26. Suppose 4*m - 129 = -3*g, -g - 478 = -4*m - 489. What is the greatest common factor of h and g?
7
Suppose 45*u = 40*u + 2025. What is the greatest common factor of u and 162?
81
Suppose 5051 = 4*l + 2171. Calculate the greatest common factor of l and 45.
45
Suppose 26 - 17 = 3*n. Let v(r) = 7*r**2 - 18*r - 4. Let o be v(n). What is the highest common divisor of o and 40?
5
Let t be 2/1 + 1 + -1. Suppose 4*j + 2 = 5*j. Suppose 2*c - 5*g - 6 = -3*g, j*c - 6 = g. What is the greatest common factor of c and t?
1
Suppose 10 = 3*z - y, z + 0*z - 18 = 4*y. Suppose -6 = -3*l, z*b - 2*l - 3 = 5. Let i be (-8)/7*1519/(-434). Calculate the highest common divisor of b and i.
2
Let d be (368/(-20) + -2)/((-3)/20). What is the greatest common factor of d and 32?
8
Let t(n) = -16*n + 117. Let r be t(6). Calculate the highest common factor of 21 and r.
21
Let x(r) = -4*r**2 + 4*r + 5. Let s be x(-2). Let u = -4 - s. Calculate the greatest common factor of u and 45.
15
Let b = -23 + 27. Suppose 3*t - 82 = -2*w, -b*w - 2 = 5*t - 136. What is the highest common divisor of t and 90?
30
Let y(l) = l**3 - 6*l**2 + 2*l. Suppose -1 = 4*q - 5*g, -8 + 28 = 4*g. Let w be y(q). Let i be (1/2)/(2/48). What is the greatest common divisor of w and i?
12
Let q be 2 + 6 + -4 + 0. Let c = 24 + -20. Let g be (2 + 0)/(c/8). What is the highest common factor of g and q?
4
Suppose -3*a - 104 = -5*h - 4*a, -2*a - 72 = -4*h. Suppose -q + 36 = h. Calculate the highest common divisor of 32 and q.
16
Let b be (48 - 0)*2/(-4). Let h be (8/(-28))/((-1)/7). Let n be (-428)/b + h/12. Calculate the greatest common divisor of 162 and n.
18
Let y = 136 - 66. Let l(k) = 2*k**3 - 37*k**2 + 17*k + 25. Let q be l(18). Calculate the greatest common divisor of q and y.
7
Let q be (-48)/(-32) + 13/2. Suppose -4*o = 5*s + q, 4*o + 0 = -s + 8. What is the highest common factor of 39 and o?
3
Let m = -32 - -60. What is the greatest common divisor of m and 1484?
28
Let r(m) = m**2 - 25*m + 15. Let i be r(19). Let s = -43 - i. Calculate the highest common divisor of 448 and s.
56
Suppose 0*n + 4*n + 4 = 0. Let x be (n + -55)/(4/(-20)). Let h = -54 - -82. Calculate the highest common factor of h and x.
28
Let s(h) = 6*h**3 + h**2. Let p be s(-1). Let r be ((-4)/6)/(p/105). Calculate the greatest common divisor of 35 and r.
7
Suppose 254*f = 259*f - 120. Suppose 1 = -4*v - 111. Let i be (f/v - -4)*7. What is the greatest common factor of 33 and i?
11
Suppose -5*y = -3*u + 76 + 85, 4*y + 264 = 5*u. Suppose l + 11 - 12 = 0, -47 = 2*b - l. Let g = u + b. Calculate the highest common factor of g and 319.
29
Let w = 193 - 93. Let q(x) = -x + 26. Let f be q(-24). Calculate the greatest common factor of f and w.
50
Suppose 94*o + 948 - 9596 = 0. What is the greatest common factor of 368 and o?
92
Let d(o) = -o**3 - 7*o**2 - 5*o - 6. Let k be d(-7). Suppose -21*z - 5*g - 130 = -26*z, 4*z + 3*g - 125 = 0. What is the greatest common divisor of z and k?
29
Suppose 2*z - z - 93 = 0. Suppose 4*r = 0, -2*r + r = -4*n - 12. Let j = n + z. What is the highest common divisor of j and 10?
10
Suppose -2*z - 2*z + l = -183, 2*l + 141 = 3*z. Let w = 1544 - 1526. What is the highest common divisor of z and w?
9
Suppose 1 = -7*k + 36. Suppose 17 = 4*g + k. Let b be 107 - (-4)/(-6)*g. Calculate the greatest common divisor of b and 42.
21
Suppose -3*b + 3*b + 4*b = 0. Suppose b = -h + 2*x + 34, -6*h = -2*h - x - 143. What is the highest common factor of 9 and h?
9
Let x(i) = i**2 + 39*i - 94. Let m be x(-43). Calculate the highest common factor of 338 and m.
26
Let a(l) = l**3 - 15*l**2 - 21*l + 112. Let n be a(16). Calculate the greatest common divisor of n and 6.
2
Suppose 2*z - 4 = 4. Suppose -5*u = -3*y + 220, -3*y = y - z*u - 296. Calculate the highest common divisor of y and 30.
15
Let k be -12 - (-14 + 6 - 60). Suppose 0 = 5*f + 15, 0 = -4*a - 2*f - 3 + 29. What is the greatest common factor of a and k?
8
Let d be (167 - (1 - -2))*5/10. What is the highest common factor of 287 and d?
41
Let t = 42 + -19. Calculate the highest common divisor of 92 and t.
23
Let d be ((-480)/(-90))/((-2)/(-3)). Calculate the greatest common divisor of d and 20.
4
Suppose 77*t - 76*t = -87. Let u = -61 - t. What is the highest common divisor of 234 and u?
26
Let f be 1/((4/310)/((-4)/(-5))). Suppose 0 = b + b - 310. What is the highest common factor of b and f?
31
Suppose -h - 3*h = -20, -2*a = -5*h - 101. What is the highest common divisor of 105 and a?
21
Let f = -23 - -47. Let r be 6*57/9 + -2. Calculate the highest common divisor of r and f.
12
Suppose -4*o + 9*o + j - 98 = 0, -3*o + 72 = 5*j. Calculate the greatest common divisor of o and 95.
19
Let h = 10688 + -5741. Suppose -5*p - 12018 - h = 0. Let b be (-2)/(-12) - p/54. Calculate the highest common factor of 7 and b.
7
Let v(n) = -n**3 + 12*n**2 + n - 3. Let b be v(8). Calculate the greatest common factor of b and 58.
29
Suppose -2*l = l - 12. Let t be 580/(-174)*(3/(-5) + 0). Calculate the highest common divisor of t and l.
2
Let m = 91 - 81. Calculate the greatest common divisor of 410 and m.
10
Suppose -313 = -2*t + 7*t + 4*j, t = j - 59. Let x = t + 124. Let u = 17 + -10. What is the greatest common divisor of u and x?
7
Suppose -74*r + 220 = -63*r. Let h = 298 + -188. What is the greatest common factor of h and r?
10
Let z = -138 + 138. Suppose -2*k = -4*i - 10 + 78, 5*k + 10 = z. Let n(c) = 3*c**2 + 2*c - 1. Let u be n(1). What is the greatest common divisor of i and u?
4
Suppose -4370 - 6130 = -60*x. What is the highest common divisor of 75 and x?
25
Suppose -2*w = -k + 6, 0 = k + 8*w - 3*w - 20. Let r(f) = -23*f - 2. Let o be r(-4). Calculate the highest common factor of k and o.
10
Suppose 5*g - 27 = -y, -2*y - y + 11 = g. Suppose 0 = 4*c + 4*i - 124, -85 = -3*c - g*i + 14. What is the greatest common factor of c and 84?
28
Let l be 1/(4/(-12)) + 8. Suppose 0 = d - l - 8. Suppose -5*n + 354 + 231 = 0. What is the highest common factor of d and n?
13
Let x = 503 - -29. What is the highest common factor of x and 28?
28
Let v = 17 - 14. Let o(j) = 2*j**2 - 29*j - 31. Let q be o(16). Suppose -16*u - 15 = -q*u. Calculate the highest common factor of u and v.
3
Suppose -3*v = 7*v - 2170. Let h = v + -130. Calculate the greatest common factor of h and 29.
29
Suppose 0 = -k + 80 - 11. Let v = k + -4. Suppose -3*s + 37 = -2. Calculate the highest common factor of v and s.
13
Let y = -117 + 222. What is the highest common divisor of y and 120?
15
Let d be (-1)/((-2)/(-30)*-3). Suppose 2*l - z - 6 - 7 = 0, d*l = -4*z + 13. Calculate the highest common divisor of l and 55.
5
Suppose 0 = 5*a + 3*v - 82, -3*v + 54 = 15*a - 12*a. What is the highest common factor of 14 and a?
14
Let v(c) = -4*c**2 + 262*c - 26. Let z be v(65). Calculate the greatest common factor of z and 13.
13
Let f = 10 + 2. Let r be -51*((-100)/f)/5. Suppose -4*g + 94 = 26. What is the highest common divisor of g and r?
17
Suppose -5*u + z = -944, -2*u - 4*z - 563 = -5*u. Calculate the highest common factor of 21 and u.
21
Suppose 0 = -4*q + j - 4 + 22, 0 = -4*q - 4*j + 8. Suppose i + 0 = -q. Let d = i + 5. What is the highest common divisor of d and 11?
1
Let i be (29 + -29)*2/6*1. Suppose i = -11*n + 216 + 4. Calculate the greatest common factor of 80 and n.
20
Let q(i) = 7*i**2 + 9*i + 5 + 4*i - 5*i + i**